ase 11, what is 9 + -255?
-247
In base 4, what is -10332202 + -2?
-10332210
In base 3, what is -220220 + -1?
-220221
In base 12, what is -200 + 2b?
-191
In base 13, what is 8c - 3?
89
In base 15, what is -40 + 12?
-2d
In base 16, what is -1e - a?
-28
In base 10, what is -11 - 218?
-229
In base 2, what is 1000100000 - -1000?
1000101000
In base 4, what is 22 + 302?
330
In base 5, what is -30 - -202?
122
In base 2, what is -10110011 - 101?
-10111000
In base 15, what is -eb - 1?
-ec
In base 5, what is -12244 + 4?
-12240
In base 16, what is -46 + 4?
-42
In base 8, what is -73 - 274?
-367
In base 12, what is 3 + -2?
1
In base 11, what is 2a + -a?
20
In base 8, what is 3026 + 0?
3026
In base 7, what is -424 - 14?
-441
In base 10, what is 8 - -89?
97
In base 4, what is -1022122 + 10?
-1022112
In base 4, what is 1 + -323013?
-323012
In base 12, what is 2 + 133?
135
In base 8, what is 4 + 2177?
2203
In base 13, what is 48 - -b?
56
In base 4, what is 1031 - -3?
1100
In base 12, what is 0 - 99?
-99
In base 4, what is 12230013 + -3?
12230010
In base 11, what is 0 + 26a?
26a
In base 4, what is 320 + 32?
1012
In base 14, what is 3 + 1c44?
1c47
In base 8, what is 4 + 220?
224
In base 8, what is -51 + -1?
-52
In base 5, what is -1 - -243?
242
In base 4, what is 10 - -1111?
1121
In base 9, what is 17 - 131?
-113
In base 7, what is -11 + 44?
33
In base 9, what is 24 + 208?
233
In base 12, what is 8b - 3?
88
In base 10, what is -188 + 0?
-188
In base 8, what is 3 + -105?
-102
In base 10, what is 26 - -2?
28
In base 8, what is 2150 - -10?
2160
In base 11, what is -580 + 5?
-576
In base 12, what is -312 - -1?
-311
In base 7, what is 65 + -50?
15
In base 13, what is 1 - 44?
-43
In base 5, what is -40 - 2222?
-2312
In base 5, what is -10 + 13111?
13101
In base 2, what is 100 - -101?
1001
In base 4, what is 22 + 0?
22
In base 2, what is 111011010001 - -10?
111011010011
In base 4, what is 20 - 2302?
-2222
In base 3, what is -11010 + 1?
-11002
In base 13, what is 286 - 5?
281
In base 16, what is -7 - c?
-13
In base 2, what is -100 + -11001?
-11101
In base 11, what is 52 - -2?
54
In base 10, what is 3 - 96?
-93
In base 12, what is -4 + b8?
b4
In base 10, what is -17745 - 4?
-17749
In base 6, what is 243 - 22?
221
In base 15, what is 3 + -384?
-381
In base 4, what is 2 - 311?
-303
In base 16, what is -2 + -17?
-19
In base 12, what is -2 + -17?
-19
In base 11, what is -13 + 80?
68
In base 3, what is 10 + -100?
-20
In base 11, what is -30 - a?
-3a
In base 4, what is -120 - -2?
-112
In base 4, what is 1 + -1010?
-1003
In base 15, what is 7b - 3?
78
In base 11, what is 5 - 266?
-261
In base 6, what is 11 - 335?
-324
In base 14, what is -12 + a?
-6
In base 3, what is 201 - 11?
120
In base 13, what is -4 + 6b9?
6b5
In base 7, what is -5 - 1121?
-1126
In base 7, what is -1311 + 5?
-1303
In base 16, what is 7 + -de?
-d7
In base 14, what is -2 - -6c?
6a
In base 8, what is 5 - 72?
-65
In base 9, what is -4 - 212?
-216
In base 7, what is 0 - 0?
0
In base 10, what is -52 + -8?
-60
In base 7, what is -20642 + 4?
-20635
In base 7, what is -4 + -1410?
-1414
In base 2, what is -1110001 + -10000?
-10000001
In base 12, what is -26 - -b?
-17
In base 3, what is -11 - -121210?
121122
In base 16, what is 248 + -4?
244
In base 15, what is 89 + 6?
90
In base 10, what is -8 + 2958?
2950
In base 15, what is 71ad - 1?
71ac
In base 13, what is -5 + -a47?
-a4c
In base 2, what is -1100 - -10011?
111
In base 9, what is 282 - -2?
284
In base 2, what is 11111011 - -101?
100000000
In base 15, what is -1 - -d7a?
d79
In base 6, what is -4012 + -3?
-4015
In base 12, what is -5 + 381?
378
In base 4, what is -102323 + 1?
-102322
In base 9, what is -31 + 84?
53
In base 6, what is 152 - -5?
201
In base 13, what is 5 - 2596?
-2591
In base 16, what is -2 + 775?
773
In base 8, what is 1 + -274?
-273
In base 16, what is 1 + -88?
-87
In base 10, what is -25 + 785?
760
In base 15, what is -3e + -10?
-4e
In base 12, what is -961 - -3?
-95a
In base 11, what is -5 - -210?
206
In base 3, what is 1 - -1001?
1002
In base 3, what is -12102 - 1?
-12110
In base 10, what is 52 - -3?
55
In base 12, what is -b9 + -2?
-bb
In base 5, what is 1134 - 24?
1110
In base 5, what is 1 + 3103?
3104
In base 8, what is -277 + 1?
-276
In base 6, what is -2 - -55?
53
In base 14, what is 28a + -5?
285
In base 7, what is 114 - 3?
111
In base 16, what is 2a + -4?
26
In base 4, what is 12 + -11023?
-11011
In base 8, what is -10177 + 4?
-10173
In base 16, what is 0 - -bf?
bf
In base 14, what is 1 + 3?
4
In base 11, what is 41a45 - -5?
41a4a
In base 15, what is -20b - b?
-217
In base 8, what is -3 + 5606?
5603
In base 8, what is 56 + -21?
35
In base 10, what is 3 + -2766?
-2763
In base 11, what is -208 - -2?
-206
In base 15, what is a - -2?
c
In base 15, what is 0 + -2c6?
-2c6
In base 3, what is -12 + 20200?
20111
In base 16, what is 0 - -39?
39
In base 11, what is -309 + -9?
-317
In base 13, what is -10 + -15c?
-16c
In base 3, what is 221 - 201?
20
In base 9, what is 44 - -1?
45
In base 4, what is -3 + 2021?
2012
In base 9, what is 1370 - -7?
1377
In base 16, what is -4 + -440?
-444
In base 4, what is 131023 - -2?
131031
In base 4, what is -30 + 23?
-1
In base 7, what is 34 - -140?
204
In base 12, what is 4027 - 2?
4025
In base 11, what is 3a - 2?
38
In base 14, what is 703 + -1?
702
In base 12, what is 219a7 - 5?
219a2
In base 3, what is 1 + -1100?
-1022
In base 13, what is 996 + -2?
994
In base 6, what is 10 - 4052?
-4042
In base 12, what is -27 + 5?
-22
In base 6, what is 334241 + -2?
334235
In base 15, what is -9 + 1?
-8
In base 3, what is 21 + 211021?
211112
In base 3, what is -11000 - 11?
-11011
In base 15, what is 8 - -8?
11
In base 3, what is -2 + 101112?
101110
In base 11, what is -15 - 0?
-15
In base 9, what is -1703 + 4?
-1688
In base 11, what is -5 + -88?
-92
In base 7, what is -1314 - 4?
-1321
In base 9, what is 665 + 1?
666
In base 4, what is -13 - 31212?
-31231
In base 9, what is -5 - 1204?
-1210
In base 13, what is -2 + 228?
226
In base 9, what is -130 - -2?
-127
In base 16, what is -239 + -3?
-23c
In base 8, what is -2425 - -1?
-2424
In base 10, what is -9 + -112?
-121
In base 15, what is -3e - b?
-4a
In base 3, what is 0 + 222202?
222202
In base 9, what is 30 - -2?
32
In base 5, what is -3 - 122222?
-122230
In base 15, what is 2 - 67?
-65
In base 12, what is 3 - 92?
-8b
In base 5, what is 210 + 0?
210
In base 8, what is 0 + 1225?
1225
In base 16, what is 1 + -26?
-25
In base 8, what is -1207 + -2?
-1211
In base 10, what is -12 + -83?
-95
In base 8, what is -126 - 2?
-130
In base 10, what is 19387 + -4?
19383
In base 2, what is 0 - 11011111001?
-11011111001
In base 7, what is 550 - 2?
545
In base 15, what is 14 + 28e?
2a3
In base 10, what is 5 + -192?
-187
In base 6, what is -15310 - -3?
-15303
In base 11, what is -5 + 116a?
1165
In base 14, what is -dd + 9?
-d4
In base 12, what is 24 + 23?
47
In base 10, what is 202 - 6?
196
In base 5, what is 0 - 1004?
-1004
In base 13, what is b1 - -8?
b9
In base 9, what is 337 - -12?
350
In base 8, what is 27250 - -3?
27253
In base 9, what is 5 - -214?
220
In base 5, what is 3 - 110?
-102
In base 6, what is -2 - -1223?
1221
In base 5, what is 2242 - 2?
2240
In base 8, what is -15224 - 0?
-15224
In base 14, what is 3 - 35?
-32
In base 7, what is -16 - -11?
-5
In base 10, what is -4 - 491?
-495
In base 14, what is -8bd + -2?
-8c1
In base 11, what is 5 + 5674?
5679
In base 2, what is 1101 + 110?
10011
In base 5, what is 10 + 203404?
203414
In base 5, what is 43 - -31?
124
In base 15, what is 404 + -b?
3e8
In base 12, what is -1b8a + 4?
-1b86
In base 10, what is -98 + 16?
-82
In base 16, what is 7 + 1a?
21
In base 7, what is -320 + -110?
-430
In base 11, what is 7 - 12?
-6
In base 11, what is 27290 + 4?
27294
In base 12, what is 19b - 16?
185
In base 10, what is -110 + -17?
-127
In base 13, what is 1992 + 5?
1997
In base 8, what is -5 + -52?
-57
In base 15, what is 8 - -b?
14
In base 10, what is -7 + -183?
-190
In base 3, what is 12 + 2002021?
2002110
In base 5, what is -14 - -330?
311
In base 7, what is 44 - 15?
26
In base 13, what is 1 - 2a?
-29
In base 12, what is 24 + 4b?
73
In base 13, what is 76 - -1?
77
In base 12, what is -3 + 15?
12
In base 9, what is 6 + -133?
-126
In base 7, what is